{"id":71,"date":"2025-12-27T17:22:58","date_gmt":"2025-12-27T17:22:58","guid":{"rendered":"https:\/\/momentum06.fr\/?page_id=71"},"modified":"2026-04-05T14:49:49","modified_gmt":"2026-04-05T14:49:49","slug":"services","status":"publish","type":"page","link":"https:\/\/momentum06.fr\/index.php\/services\/","title":{"rendered":"Tarifs"},"content":{"rendered":"\n<div class=\"wp-block-group alignwide has-global-padding is-layout-constrained wp-block-group-is-layout-constrained\">\n<div class=\"wp-block-columns alignwide is-layout-flex wp-container-core-columns-is-layout-ca23dd7b wp-block-columns-is-layout-flex\" style=\"margin-top:100px;margin-bottom:70px\">\n<div class=\"wp-block-column is-layout-flow wp-block-column-is-layout-flow\" style=\"padding-top:0px;padding-right:0px;padding-bottom:0px;padding-left:0px\">\n<figure class=\"wp-block-image size-large\"><img loading=\"lazy\" decoding=\"async\" width=\"819\" height=\"1024\" src=\"http:\/\/momentum06.fr\/wp-content\/uploads\/2026\/01\/WhatsApp-Image-2025-12-03-at-20.13.51-1-819x1024.jpeg\" alt=\"\" class=\"wp-image-112\" srcset=\"https:\/\/momentum06.fr\/wp-content\/uploads\/2026\/01\/WhatsApp-Image-2025-12-03-at-20.13.51-1-819x1024.jpeg 819w, https:\/\/momentum06.fr\/wp-content\/uploads\/2026\/01\/WhatsApp-Image-2025-12-03-at-20.13.51-1-240x300.jpeg 240w, https:\/\/momentum06.fr\/wp-content\/uploads\/2026\/01\/WhatsApp-Image-2025-12-03-at-20.13.51-1-768x960.jpeg 768w, https:\/\/momentum06.fr\/wp-content\/uploads\/2026\/01\/WhatsApp-Image-2025-12-03-at-20.13.51-1.jpeg 1080w\" sizes=\"auto, (max-width: 819px) 100vw, 819px\" \/><\/figure>\n<\/div>\n\n\n\n<div class=\"wp-block-column is-vertically-aligned-center is-layout-flow wp-container-core-column-is-layout-3ca914a4 wp-block-column-is-layout-flow\" style=\"flex-basis:56%\">\n<h4 class=\"wp-block-heading has-text-color has-work-sans-regular-font-family\" style=\"color:#894545;font-size:clamp(21.027px, 1.314rem + ((1vw - 3.2px) * 1.474), 34px);font-style:normal;font-weight:700;letter-spacing:-1px\">Naturopathie <\/h4>\n\n\n\n<p class=\"has-text-color\" style=\"color:#839376;padding-right:120px;font-size:clamp(14px, 0.875rem + ((1vw - 3.2px) * 0.114), 15px);\">D\u00e9couvrez la naturopathie, une approche naturelle qui aide \u00e0 retrouver votre \u00e9quilibre. Je vous accompagne pour am\u00e9liorer votre sant\u00e9 et votre bien-\u00eatre \u00e0 chaque \u00e9tape de votre vie.<\/p>\n\n\n\n<p class=\"has-text-color\" style=\"color:#839376;padding-right:120px;font-size:clamp(14px, 0.875rem + ((1vw - 3.2px) * 0.114), 15px);\">Ensemble, nous explorerons des solutions personnalis\u00e9es pour nourrir votre corps et apaiser votre esprit, naturellement.<\/p>\n\n\n\n<h3 class=\"wp-block-heading has-text-color\" style=\"color:#536942;font-size:clamp(15.197px, 0.95rem + ((1vw - 3.2px) * 0.887), 23px);font-style:normal;font-weight:400\">60 \u20ac Consultation<\/h3>\n\n\n\n<h3 class=\"wp-block-heading has-text-color\" style=\"color:#536942;font-size:clamp(15.197px, 0.95rem + ((1vw - 3.2px) * 0.887), 23px);font-style:normal;font-weight:400\">50 \u20ac Suivi de consultation<\/h3>\n\n\n\n<div class=\"wp-block-buttons is-layout-flex wp-block-buttons-is-layout-flex\">\n<div class=\"wp-block-button is-style-outline is-style-outline--1\"><a class=\"wp-block-button__link has-text-color has-background has-border-color has-custom-font-size wp-element-button\" style=\"border-color:#839376;border-width:1px;color:#536942;background-color:#ffffff;padding-top:11px;padding-right:30px;padding-bottom:11px;padding-left:30px;font-size:14px\">R\u00e9servez Maintenant<\/a><\/div>\n<\/div>\n<\/div>\n<\/div>\n<\/div>\n\n\n\n<div class=\"wp-block-group alignwide has-global-padding is-layout-constrained wp-block-group-is-layout-constrained\">\n<div class=\"wp-block-columns alignwide is-layout-flex wp-container-core-columns-is-layout-60dabb8b wp-block-columns-is-layout-flex\" style=\"margin-top:0px;margin-bottom:70px\">\n<div class=\"wp-block-column is-layout-flow wp-block-column-is-layout-flow\" style=\"padding-top:0px;padding-right:0px;padding-bottom:0px;padding-left:0px\">\n<figure class=\"wp-block-image size-large\"><img loading=\"lazy\" decoding=\"async\" width=\"819\" height=\"1024\" src=\"http:\/\/momentum06.fr\/wp-content\/uploads\/2026\/01\/WhatsApp-Image-2025-12-08-at-20.10.30-819x1024.jpeg\" alt=\"\" class=\"wp-image-113\" srcset=\"https:\/\/momentum06.fr\/wp-content\/uploads\/2026\/01\/WhatsApp-Image-2025-12-08-at-20.10.30-819x1024.jpeg 819w, https:\/\/momentum06.fr\/wp-content\/uploads\/2026\/01\/WhatsApp-Image-2025-12-08-at-20.10.30-240x300.jpeg 240w, https:\/\/momentum06.fr\/wp-content\/uploads\/2026\/01\/WhatsApp-Image-2025-12-08-at-20.10.30-768x960.jpeg 768w, https:\/\/momentum06.fr\/wp-content\/uploads\/2026\/01\/WhatsApp-Image-2025-12-08-at-20.10.30.jpeg 1080w\" sizes=\"auto, (max-width: 819px) 100vw, 819px\" \/><\/figure>\n<\/div>\n\n\n\n<div class=\"wp-block-column is-vertically-aligned-center is-layout-flow wp-container-core-column-is-layout-3ca914a4 wp-block-column-is-layout-flow\" style=\"flex-basis:56%\">\n<h4 class=\"wp-block-heading has-text-color has-work-sans-regular-font-family\" style=\"color:#894545;font-size:clamp(21.027px, 1.314rem + ((1vw - 3.2px) * 1.474), 34px);font-style:normal;font-weight:700;letter-spacing:-1px\">Massage Pr\u00e9natal<\/h4>\n\n\n\n<p class=\"has-text-color\" style=\"color:#839376;padding-right:120px;font-size:clamp(14px, 0.875rem + ((1vw - 3.2px) * 0.114), 15px);\">Le massage pr\u00e9natal est con\u00e7u sp\u00e9cialement pour les mamans. Il soulage les tensions et favorise le bien-\u00eatre pendant cette belle aventure qu\u02bcest la maternit\u00e9. Vous m\u00e9ritez ce moment de douceur !<\/p>\n\n\n\n<p class=\"has-text-color\" style=\"color:#839376;padding-right:120px;font-size:clamp(14px, 0.875rem + ((1vw - 3.2px) * 0.114), 15px);\">Laissez-vous envelopper par des gestes apaisants qui soutiennent votre corps et \u00e9panouissent votre esprit tout au long de votre grossesse.<\/p>\n\n\n\n<h3 class=\"wp-block-heading has-text-color\" style=\"color:#536942;font-size:clamp(15.197px, 0.95rem + ((1vw - 3.2px) * 0.887), 23px);font-style:normal;font-weight:400\">75 \u20ac<\/h3>\n\n\n\n<div class=\"wp-block-buttons is-layout-flex wp-block-buttons-is-layout-flex\">\n<div class=\"wp-block-button is-style-outline is-style-outline--2\"><a class=\"wp-block-button__link has-text-color has-background has-border-color has-custom-font-size wp-element-button\" style=\"border-color:#839376;border-width:1px;color:#536942;background-color:#ffffff;padding-top:11px;padding-right:30px;padding-bottom:11px;padding-left:30px;font-size:14px\">R\u00e9servez Votre S\u00e9ance<\/a><\/div>\n<\/div>\n<\/div>\n<\/div>\n<\/div>\n\n\n\n<div class=\"wp-block-group alignwide has-global-padding is-layout-constrained wp-block-group-is-layout-constrained\">\n<div class=\"wp-block-columns alignwide is-layout-flex wp-container-core-columns-is-layout-9e1216ef wp-block-columns-is-layout-flex\" style=\"margin-top:0px;margin-bottom:100px\">\n<div class=\"wp-block-column is-layout-flow wp-block-column-is-layout-flow\" style=\"padding-top:0px;padding-right:0px;padding-bottom:0px;padding-left:0px\">\n<figure class=\"wp-block-image size-large\"><img loading=\"lazy\" decoding=\"async\" width=\"819\" height=\"1024\" src=\"http:\/\/momentum06.fr\/wp-content\/uploads\/2026\/01\/WhatsApp-Image-2025-12-08-at-20.10.39-1-819x1024.jpeg\" alt=\"\" class=\"wp-image-114\" srcset=\"https:\/\/momentum06.fr\/wp-content\/uploads\/2026\/01\/WhatsApp-Image-2025-12-08-at-20.10.39-1-819x1024.jpeg 819w, https:\/\/momentum06.fr\/wp-content\/uploads\/2026\/01\/WhatsApp-Image-2025-12-08-at-20.10.39-1-240x300.jpeg 240w, https:\/\/momentum06.fr\/wp-content\/uploads\/2026\/01\/WhatsApp-Image-2025-12-08-at-20.10.39-1-768x960.jpeg 768w, https:\/\/momentum06.fr\/wp-content\/uploads\/2026\/01\/WhatsApp-Image-2025-12-08-at-20.10.39-1.jpeg 1080w\" sizes=\"auto, (max-width: 819px) 100vw, 819px\" \/><\/figure>\n<\/div>\n\n\n\n<div class=\"wp-block-column is-vertically-aligned-center is-layout-flow wp-container-core-column-is-layout-3ca914a4 wp-block-column-is-layout-flow\" style=\"flex-basis:56%\">\n<h4 class=\"wp-block-heading has-text-color has-work-sans-regular-font-family\" style=\"color:#894545;font-size:clamp(21.027px, 1.314rem + ((1vw - 3.2px) * 1.474), 34px);font-style:normal;font-weight:700;letter-spacing:-1px\">Massage Ayurv\u00e9dique<\/h4>\n\n\n\n<p class=\"has-text-color\" style=\"color:#839376;padding-right:120px;font-size:clamp(14px, 0.875rem + ((1vw - 3.2px) * 0.114), 15px);\">Tell your visitor how your service can improve their life. Connect with the problem that they are trying to solve and address any objections you think they might have.<\/p>\n\n\n\n<p class=\"has-text-color\" style=\"color:#839376;padding-right:120px;font-size:clamp(14px, 0.875rem + ((1vw - 3.2px) * 0.114), 15px);\">What is the biggest benefit your customer will get from this? Keep your target audience in mind.<\/p>\n\n\n\n<h3 class=\"wp-block-heading has-text-color\" style=\"color:#536942;font-size:clamp(15.197px, 0.95rem + ((1vw - 3.2px) * 0.887), 23px);font-style:normal;font-weight:400\">From $99<\/h3>\n\n\n\n<div class=\"wp-block-buttons is-layout-flex wp-block-buttons-is-layout-flex\">\n<div class=\"wp-block-button is-style-outline is-style-outline--3\"><a class=\"wp-block-button__link has-text-color has-background has-border-color has-custom-font-size wp-element-button\" style=\"border-color:#839376;border-width:1px;color:#536942;background-color:#ffffff;padding-top:11px;padding-right:30px;padding-bottom:11px;padding-left:30px;font-size:14px\">Start a Project<\/a><\/div>\n<\/div>\n<\/div>\n<\/div>\n<\/div>\n\n\n\n<div class=\"wp-block-cover alignfull is-light\" style=\"margin-top:0;margin-bottom:0;padding-top:60px;padding-bottom:70px\"><span aria-hidden=\"true\" class=\"wp-block-cover__background has-background-dim-100 has-background-dim\" style=\"background-color:#f6f8f5\"><\/span><div class=\"wp-block-cover__inner-container has-global-padding is-layout-constrained wp-container-core-cover-is-layout-b6dde979 wp-block-cover-is-layout-constrained\">\n<div class=\"wp-block-columns is-layout-flex wp-container-core-columns-is-layout-df0ecb7a wp-block-columns-is-layout-flex\" style=\"margin-top:0px;margin-bottom:0px;padding-top:0px;padding-right:0px;padding-bottom:0px;padding-left:0px\">\n<div class=\"wp-block-column is-layout-flow wp-block-column-is-layout-flow\">\n<h4 class=\"wp-block-heading has-text-color has-inter-font-family\" style=\"color:#536942;padding-bottom:40px;font-size:clamp(24.034px, 1.502rem + ((1vw - 3.2px) * 1.814), 40px);font-style:normal;font-weight:400;letter-spacing:-1px\">Why Love Nature<\/h4>\n\n\n\n<p class=\"has-text-color\" style=\"color:#839376;padding-bottom:30px;font-size:clamp(14px, 0.875rem + ((1vw - 3.2px) * 0.455), 18px);line-height:1.7\">Your customers just learned what services you offer. Tell them why they should work with you or your team, for example you could highlight your experience and positive client reviews.<\/p>\n\n\n\n<p class=\"has-text-color\" style=\"color:#839376;font-size:clamp(14px, 0.875rem + ((1vw - 3.2px) * 0.455), 18px);line-height:1.7\">The badges illustrate this. We also focus on key benefits they will get while using our services, namely quick turnaround times and dedicated support. You could also use them to show awards you won for your best work.<\/p>\n<\/div>\n\n\n\n<div class=\"wp-block-column is-vertically-aligned-bottom is-layout-flow wp-block-column-is-layout-flow\" style=\"flex-basis:40%\">\n<div class=\"wp-block-columns is-layout-flex wp-container-core-columns-is-layout-9c22b1e3 wp-block-columns-is-layout-flex\">\n<div class=\"wp-block-column is-layout-flow wp-block-column-is-layout-flow\">\n<div class=\"wp-block-group is-vertical is-content-justification-center is-layout-flex wp-container-core-group-is-layout-feccf9d1 wp-block-group-is-layout-flex\" style=\"margin-bottom:60px\">\n<figure class=\"wp-block-image size-full is-resized\"><img decoding=\"async\" src=\"https:\/\/tyler.com\/wp-content\/uploads\/2023\/11\/love-nature-icon1.png\" alt=\"\" class=\"wp-image-2251\" style=\"width:80px;height:undefinedpx\"\/><\/figure>\n\n\n\n<p class=\"has-text-color\" style=\"color:#536942;font-size:13px;font-style:normal;font-weight:400\">8 Years Experience<\/p>\n<\/div>\n\n\n\n<div class=\"wp-block-group is-vertical is-content-justification-center is-layout-flex wp-container-core-group-is-layout-0a9e916c wp-block-group-is-layout-flex\">\n<figure class=\"wp-block-image size-full is-resized\"><img decoding=\"async\" src=\"https:\/\/tyler.com\/wp-content\/uploads\/2023\/11\/love-nature-icon3.png\" alt=\"\" class=\"wp-image-2253\" style=\"width:80px;height:undefinedpx\"\/><\/figure>\n\n\n\n<p class=\"has-text-color has-dm-sans-font-family\" style=\"color:#536942;font-size:13px;font-style:normal;font-weight:400\">Quick Turnaround<\/p>\n<\/div>\n<\/div>\n\n\n\n<div class=\"wp-block-column is-layout-flow wp-block-column-is-layout-flow\">\n<div class=\"wp-block-group is-vertical is-content-justification-center is-layout-flex wp-container-core-group-is-layout-feccf9d1 wp-block-group-is-layout-flex\" style=\"margin-bottom:60px\">\n<figure class=\"wp-block-image size-full is-resized\"><img decoding=\"async\" src=\"https:\/\/tyler.com\/wp-content\/uploads\/2023\/11\/love-nature-icon2.png\" alt=\"\" class=\"wp-image-2252\" style=\"width:80px;height:undefinedpx\"\/><\/figure>\n\n\n\n<p class=\"has-text-color\" style=\"color:#536942;font-size:13px;font-style:normal;font-weight:400\">5 Star Rating<\/p>\n<\/div>\n\n\n\n<div class=\"wp-block-group is-vertical is-content-justification-center is-layout-flex wp-container-core-group-is-layout-0a9e916c wp-block-group-is-layout-flex\">\n<figure class=\"wp-block-image size-full is-resized\"><img decoding=\"async\" src=\"https:\/\/tyler.com\/wp-content\/uploads\/2023\/11\/love-nature-icon4.png\" alt=\"\" class=\"wp-image-2254\" style=\"width:80px;height:undefinedpx\"\/><\/figure>\n\n\n\n<p class=\"has-text-color has-dm-sans-font-family\" style=\"color:#536942;font-size:13px;font-style:normal;font-weight:400\">Dedicated Support<\/p>\n<\/div>\n<\/div>\n<\/div>\n<\/div>\n<\/div>\n<\/div><\/div>\n","protected":false},"excerpt":{"rendered":"<p>Naturopathie D\u00e9couvrez la naturopathie, une approche naturelle qui aide \u00e0 retrouver votre \u00e9quilibre. Je vous accompagne pour am\u00e9liorer votre sant\u00e9 et votre bien-\u00eatre \u00e0 chaque \u00e9tape de votre vie. Ensemble, nous explorerons des solutions personnalis\u00e9es pour nourrir votre corps et apaiser votre esprit, naturellement. 60 \u20ac Consultation 50 \u20ac Suivi de consultation Massage Pr\u00e9natal Le [&hellip;]<\/p>\n","protected":false},"author":1,"featured_media":0,"parent":0,"menu_order":0,"comment_status":"closed","ping_status":"closed","template":"","meta":{"footnotes":""},"class_list":["post-71","page","type-page","status-publish","hentry"],"_links":{"self":[{"href":"https:\/\/momentum06.fr\/index.php\/wp-json\/wp\/v2\/pages\/71","targetHints":{"allow":["GET"]}}],"collection":[{"href":"https:\/\/momentum06.fr\/index.php\/wp-json\/wp\/v2\/pages"}],"about":[{"href":"https:\/\/momentum06.fr\/index.php\/wp-json\/wp\/v2\/types\/page"}],"author":[{"embeddable":true,"href":"https:\/\/momentum06.fr\/index.php\/wp-json\/wp\/v2\/users\/1"}],"replies":[{"embeddable":true,"href":"https:\/\/momentum06.fr\/index.php\/wp-json\/wp\/v2\/comments?post=71"}],"version-history":[{"count":16,"href":"https:\/\/momentum06.fr\/index.php\/wp-json\/wp\/v2\/pages\/71\/revisions"}],"predecessor-version":[{"id":453,"href":"https:\/\/momentum06.fr\/index.php\/wp-json\/wp\/v2\/pages\/71\/revisions\/453"}],"wp:attachment":[{"href":"https:\/\/momentum06.fr\/index.php\/wp-json\/wp\/v2\/media?parent=71"}],"curies":[{"name":"wp","href":"https:\/\/api.w.org\/{rel}","templated":true}]}}