{"id":219,"date":"2026-01-12T19:31:48","date_gmt":"2026-01-12T19:31:48","guid":{"rendered":"https:\/\/momentum06.fr\/?page_id=219"},"modified":"2026-04-05T13:51:09","modified_gmt":"2026-04-05T13:51:09","slug":"massage-relaxant","status":"publish","type":"page","link":"https:\/\/momentum06.fr\/index.php\/massage-relaxant\/","title":{"rendered":"Massage relaxant"},"content":{"rendered":"\n<div class=\"wp-block-group alignfull has-background has-global-padding is-layout-constrained wp-container-core-group-is-layout-6e824401 wp-block-group-is-layout-constrained\" style=\"background-color:#ffffff;margin-top:0;margin-bottom:0\">\n<div class=\"wp-block-columns alignwide is-layout-flex wp-container-core-columns-is-layout-28f84493 wp-block-columns-is-layout-flex\">\n<div class=\"wp-block-column is-layout-flow wp-block-column-is-layout-flow\">\n<figure class=\"wp-block-image alignleft size-full\"><img decoding=\"async\" src=\"https:\/\/tyler.com\/wp-content\/uploads\/2023\/11\/Sunshine-Service-1st-Sec-Image.png\" alt=\"\" class=\"wp-image-2912\"\/><\/figure>\n<\/div>\n\n\n\n<div class=\"wp-block-column is-vertically-aligned-center is-layout-flow wp-block-column-is-layout-flow\" style=\"padding-right:var(--wp--preset--spacing--60);padding-left:var(--wp--preset--spacing--60)\">\n<h2 class=\"wp-block-heading has-text-color has-link-color has-work-sans-regular-font-family wp-elements-da54ae2432ab55331dadacb0fdfacf4e\" style=\"color:#894545;font-size:clamp(14.642px, 0.915rem + ((1vw - 3.2px) * 0.836), 22px);font-style:normal;font-weight:700\"><strong>Un moment de d\u00e9tente pour la femme \u2013 Espace bien-\u00eatre \u00e0 Nice<\/strong><\/h2>\n\n\n\n<p class=\"has-text-color has-link-color has-work-sans-regular-font-family wp-elements-07f2d0dce9e511a71e0a4a6911b8e98d\" style=\"color:#ac4848;font-size:clamp(14px, 0.875rem + ((1vw - 3.2px) * 0.114), 15px);\">Le <strong>massage relaxant<\/strong> est une invitation \u00e0 l\u00e2cher prise et \u00e0 se reconnecter \u00e0 soi. Il s\u2019adresse particuli\u00e8rement \u00e0 la <strong>femme<\/strong>, souvent sollicit\u00e9e par un rythme de vie intense et une charge mentale importante.<\/p>\n\n\n\n<p class=\"has-text-color has-link-color has-work-sans-regular-font-family wp-elements-e4cd350126b225c656b8f80e9b4edccb\" style=\"color:#ac4848;font-size:clamp(14px, 0.875rem + ((1vw - 3.2px) * 0.114), 15px);\">Le <strong>massage relaxant<\/strong> agit principalement sur le syst\u00e8me nerveux, favorisant une d\u00e9tente profonde du corps et de l\u2019esprit. Les gestes sont lents, fluides et enveloppants, permettant de rel\u00e2cher les tensions accumul\u00e9es et d\u2019apaiser les \u00e9motions.<\/p>\n\n\n\n<div class=\"wp-block-buttons is-layout-flex wp-block-buttons-is-layout-flex\">\n<div class=\"wp-block-button\"><a class=\"wp-block-button__link has-text-color has-background has-link-color has-jost-font-family has-custom-font-size wp-element-button\" href=\"https:\/\/momentum06.fr\/index.php\/contact\/\" style=\"border-radius:0px;color:#ffffff;background-color:#a85d20cf;padding-top:10px;padding-right:20px;padding-bottom:10px;padding-left:20px;font-size:clamp(14px, 0.875rem + ((1vw - 3.2px) * 0.455), 18px);font-style:normal;font-weight:400;letter-spacing:1px\">R\u00e9servez Maintenant<\/a><\/div>\n<\/div>\n<\/div>\n<\/div>\n<\/div>\n\n\n\n<div class=\"wp-block-group alignfull has-background has-global-padding is-layout-constrained wp-container-core-group-is-layout-a22d48ea wp-block-group-is-layout-constrained\" style=\"background-color:#fffbf0;margin-top:var(--wp--preset--spacing--80);margin-bottom:var(--wp--preset--spacing--80)\">\n<div class=\"wp-block-columns alignwide is-layout-flex wp-container-core-columns-is-layout-28f84493 wp-block-columns-is-layout-flex\">\n<div class=\"wp-block-column is-vertically-aligned-center is-layout-flow wp-block-column-is-layout-flow\" style=\"padding-right:var(--wp--preset--spacing--60);padding-left:var(--wp--preset--spacing--60)\">\n<h2 class=\"wp-block-heading has-text-align-left has-text-color has-link-color has-work-sans-regular-font-family wp-elements-33c23321dd5ad7493198f44c691a8912\" style=\"color:#894545;font-size:clamp(14.642px, 0.915rem + ((1vw - 3.2px) * 0.836), 22px);font-style:normal;font-weight:700\"><strong>Les bienfaits du massage relaxant<\/strong><\/h2>\n\n\n\n<p class=\"has-text-color has-link-color has-work-sans-regular-font-family wp-elements-db6dc76c90d0877ebabd60a37dbe0e37\" style=\"color:#ac4848;font-size:clamp(14px, 0.875rem + ((1vw - 3.2px) * 0.114), 15px);\">Ce massage permet notamment :<\/p>\n\n\n\n<ul class=\"wp-block-list\">\n<li class=\"has-text-color has-link-color has-work-sans-regular-font-family wp-elements-c542c3f22dfd715170d2b0037593bb10\" style=\"color:#ac4848;font-size:clamp(14px, 0.875rem + ((1vw - 3.2px) * 0.114), 15px);\">une diminution du stress et de l\u2019anxi\u00e9t\u00e9,<\/li>\n\n\n\n<li class=\"has-text-color has-link-color has-work-sans-regular-font-family wp-elements-6c800a142ea18433305fdf4d6432661e\" style=\"color:#ac4848;font-size:clamp(14px, 0.875rem + ((1vw - 3.2px) * 0.114), 15px);\">un rel\u00e2chement musculaire profond,<\/li>\n\n\n\n<li class=\"has-text-color has-link-color has-work-sans-regular-font-family wp-elements-edc4867b77e9ac8b09cd4032e811883f\" style=\"color:#ac4848;font-size:clamp(14px, 0.875rem + ((1vw - 3.2px) * 0.114), 15px);\">une am\u00e9lioration de la qualit\u00e9 du sommeil,<\/li>\n\n\n\n<li class=\"has-text-color has-link-color has-work-sans-regular-font-family wp-elements-b038d0ae86e7a06b9ed9f167ac5dc054\" style=\"color:#ac4848;font-size:clamp(14px, 0.875rem + ((1vw - 3.2px) * 0.114), 15px);\">une sensation de calme int\u00e9rieur,<\/li>\n\n\n\n<li class=\"has-text-color has-link-color has-work-sans-regular-font-family wp-elements-1e7eb7c32c91d737da7529473f8a5c89\" style=\"color:#ac4848;font-size:clamp(14px, 0.875rem + ((1vw - 3.2px) * 0.114), 15px);\">une meilleure connexion au corps.<\/li>\n<\/ul>\n\n\n\n<p class=\"has-text-color has-link-color has-work-sans-regular-font-family wp-elements-358ddb8d123534ad649acaad0e079077\" style=\"color:#ac4848;font-size:clamp(14px, 0.875rem + ((1vw - 3.2px) * 0.568), 19px);\">Pour la <strong>femme<\/strong>, le massage relaxant est un v\u00e9ritable soutien dans les p\u00e9riodes de fatigue, de surcharge \u00e9motionnelle ou de transition de vie.<\/p>\n\n\n\n<div class=\"wp-block-buttons is-layout-flex wp-block-buttons-is-layout-flex\">\n<div class=\"wp-block-button\"><a class=\"wp-block-button__link has-text-color has-background has-link-color has-jost-font-family has-custom-font-size wp-element-button\" href=\"https:\/\/momentum06.fr\/index.php\/contact\/\" style=\"border-radius:0px;color:#ffffff;background-color:#a85d20cf;padding-top:10px;padding-right:20px;padding-bottom:10px;padding-left:20px;font-size:clamp(14px, 0.875rem + ((1vw - 3.2px) * 0.455), 18px);font-style:normal;font-weight:400;letter-spacing:1px\">D\u00e9couvrez le Massage<\/a><\/div>\n<\/div>\n<\/div>\n\n\n\n<div class=\"wp-block-column is-layout-flow wp-block-column-is-layout-flow\">\n<figure class=\"wp-block-image alignright size-full\"><img decoding=\"async\" src=\"https:\/\/tyler.com\/wp-content\/uploads\/2023\/11\/Sunshine-Service-2nd-Sec-Image.png\" alt=\"\" class=\"wp-image-2914\"\/><\/figure>\n<\/div>\n<\/div>\n<\/div>\n\n\n\n<div class=\"wp-block-group alignfull has-background has-global-padding is-layout-constrained wp-container-core-group-is-layout-6e824401 wp-block-group-is-layout-constrained\" style=\"background-color:#ffffff;margin-top:0;margin-bottom:0\">\n<div class=\"wp-block-columns alignwide is-layout-flex wp-container-core-columns-is-layout-28f84493 wp-block-columns-is-layout-flex\">\n<div class=\"wp-block-column is-layout-flow wp-block-column-is-layout-flow\">\n<figure class=\"wp-block-image alignleft size-full\"><img decoding=\"async\" src=\"https:\/\/tyler.com\/wp-content\/uploads\/2023\/11\/Sunshine-Service-3rd-Sec-Image.png\" alt=\"\" class=\"wp-image-2916\"\/><\/figure>\n<\/div>\n\n\n\n<div class=\"wp-block-column is-vertically-aligned-center is-layout-flow wp-block-column-is-layout-flow\" style=\"padding-right:var(--wp--preset--spacing--60);padding-left:var(--wp--preset--spacing--60)\">\n<h2 class=\"wp-block-heading has-text-align-center has-text-color has-link-color has-work-sans-regular-font-family wp-elements-6a1d3c3879aa39fbe83d18a3b50a7eb0\" style=\"color:#894545;font-size:clamp(14.642px, 0.915rem + ((1vw - 3.2px) * 0.836), 22px);font-style:normal;font-weight:700\"><strong>Un soin adapt\u00e9 \u00e0 chaque femme<\/strong><\/h2>\n\n\n\n<p class=\"has-text-color has-link-color has-work-sans-regular-font-family wp-elements-9522aab7248849837c2ae1f207e7da48\" style=\"color:#ac4848;font-size:clamp(14px, 0.875rem + ((1vw - 3.2px) * 0.114), 15px);\">Chaque <strong>massage relaxant<\/strong> est personnalis\u00e9 en fonction de vos besoins, de votre sensibilit\u00e9 et de votre \u00e9tat du moment. L\u2019intention est d\u2019offrir un espace s\u00e9curisant et bienveillant, o\u00f9 le corps peut se d\u00e9poser en toute confiance.<\/p>\n\n\n\n<p class=\"has-text-color has-link-color has-work-sans-regular-font-family wp-elements-f9371c948937089a19f560ace941e612\" style=\"color:#ac4848;font-size:clamp(14px, 0.875rem + ((1vw - 3.2px) * 0.114), 15px);\">Chez Momentum, l\u2019environnement est pens\u00e9 pour favoriser le l\u00e2cher-prise : ambiance apaisante, huiles adapt\u00e9es et \u00e9coute attentive.<\/p>\n\n\n\n<div class=\"wp-block-buttons is-layout-flex wp-block-buttons-is-layout-flex\">\n<div class=\"wp-block-button\"><a class=\"wp-block-button__link has-text-color has-background has-link-color has-jost-font-family has-custom-font-size wp-element-button\" href=\"https:\/\/momentum06.fr\/index.php\/contact\/\" style=\"border-radius:0px;color:#ffffff;background-color:#a85d20cf;padding-top:10px;padding-right:20px;padding-bottom:10px;padding-left:20px;font-size:clamp(14px, 0.875rem + ((1vw - 3.2px) * 0.455), 18px);font-style:normal;font-weight:400;letter-spacing:1px\">R\u00e9servez Votre S\u00e9ance<\/a><\/div>\n<\/div>\n<\/div>\n<\/div>\n<\/div>\n\n\n\n<div class=\"wp-block-group alignfull has-background has-global-padding is-layout-constrained wp-container-core-group-is-layout-a22d48ea wp-block-group-is-layout-constrained\" style=\"background-color:#fffbf0;margin-top:var(--wp--preset--spacing--80);margin-bottom:var(--wp--preset--spacing--80)\">\n<div class=\"wp-block-columns alignwide has-work-sans-regular-font-family is-layout-flex wp-container-core-columns-is-layout-cad298ab wp-block-columns-is-layout-flex\" style=\"padding-right:var(--wp--preset--spacing--60);padding-left:var(--wp--preset--spacing--60);font-size:clamp(14.642px, 0.915rem + ((1vw - 3.2px) * 0.836), 22px);\">\n<div class=\"wp-block-column is-vertically-aligned-center is-layout-flow wp-container-core-column-is-layout-0ab540ad wp-block-column-is-layout-flow\">\n<h2 class=\"wp-block-heading has-text-align-center has-text-color has-link-color has-jost-font-family wp-elements-e701e74da4528fbd536ecdf740f76aed\" style=\"color:#894545;font-size:clamp(14.642px, 0.915rem + ((1vw - 3.2px) * 0.836), 22px);font-style:normal;font-weight:700\"><strong>Un temps pour soi<\/strong><\/h2>\n\n\n\n<p class=\"has-text-color has-link-color has-work-sans-regular-font-family wp-elements-9074ed555cf925f71e97fa9df8669b2c\" style=\"color:#ac4848;font-size:clamp(14px, 0.875rem + ((1vw - 3.2px) * 0.568), 19px);\">Recevoir un <strong>massage relaxant<\/strong> c\u2019est s\u2019autoriser \u00e0 ralentir, \u00e0 respirer et \u00e0 prendre soin de soi.<\/p>\n\n\n\n<p class=\"has-text-color has-link-color has-work-sans-regular-font-family wp-elements-59933102f221803c222815bf859c4229\" style=\"color:#ac4848;font-size:clamp(14px, 0.875rem + ((1vw - 3.2px) * 0.114), 15px);\">Ce soin est une invitation \u00e0 se reconnecter \u00e0 son corps et \u00e0 ses ressentis, dans une approche respectueuse et douce, sp\u00e9cialement pens\u00e9e pour la <strong>femme<\/strong>.<\/p>\n\n\n\n<p class=\"has-text-color has-link-color has-work-sans-regular-font-family wp-elements-e731474a9bc06f8936e8e4ee769ff8c4\" style=\"color:#ac4848;font-size:clamp(14px, 0.875rem + ((1vw - 3.2px) * 0.114), 15px);\">Le massage relaxant est une pratique de bien-\u00eatre \u00e0 vis\u00e9e non th\u00e9rapeutique. Il ne s\u2019apparente en aucun cas \u00e0 un acte m\u00e9dical, param\u00e9dical ou de kin\u00e9sith\u00e9rapie et ne remplace pas un suivi m\u00e9dical.<\/p>\n\n\n\n<div class=\"wp-block-buttons is-layout-flex wp-block-buttons-is-layout-flex\">\n<div class=\"wp-block-button\"><a class=\"wp-block-button__link has-text-color has-background has-link-color has-jost-font-family has-custom-font-size wp-element-button\" href=\"https:\/\/momentum06.fr\/index.php\/contact\/\" style=\"border-radius:0px;color:#ffffff;background-color:#a85d20cf;padding-top:10px;padding-right:20px;padding-bottom:10px;padding-left:20px;font-size:clamp(14px, 0.875rem + ((1vw - 3.2px) * 0.455), 18px);font-style:normal;font-weight:400;letter-spacing:1px\">D\u00e9tendez-Vous<\/a><\/div>\n<\/div>\n<\/div>\n\n\n\n<div class=\"wp-block-column is-layout-flow wp-block-column-is-layout-flow\">\n<figure class=\"wp-block-image alignright size-full\"><img decoding=\"async\" src=\"https:\/\/tyler.com\/wp-content\/uploads\/2023\/11\/Sunshine-Service-4th-Sec-Image.png\" alt=\"\" class=\"wp-image-2920\"\/><\/figure>\n<\/div>\n<\/div>\n<\/div>\n\n\n\n<p>Le massage relaxant est une pratique de bien-\u00eatre \u00e0 vis\u00e9e non th\u00e9rapeutique. Il ne s\u2019apparente en aucun cas \u00e0 un acte m\u00e9dical, param\u00e9dical ou de kin\u00e9sith\u00e9rapie et ne remplace pas un suivi m\u00e9dical.<\/p>\n","protected":false},"excerpt":{"rendered":"<p>Un moment de d\u00e9tente pour la femme \u2013 Espace bien-\u00eatre \u00e0 Nice Le massage relaxant est une invitation \u00e0 l\u00e2cher prise et \u00e0 se reconnecter \u00e0 soi. Il s\u2019adresse particuli\u00e8rement \u00e0 la femme, souvent sollicit\u00e9e par un rythme de vie intense et une charge mentale importante. Le massage relaxant agit principalement sur le syst\u00e8me nerveux, [&hellip;]<\/p>\n","protected":false},"author":1,"featured_media":0,"parent":0,"menu_order":0,"comment_status":"closed","ping_status":"closed","template":"","meta":{"footnotes":""},"class_list":["post-219","page","type-page","status-publish","hentry"],"_links":{"self":[{"href":"https:\/\/momentum06.fr\/index.php\/wp-json\/wp\/v2\/pages\/219","targetHints":{"allow":["GET"]}}],"collection":[{"href":"https:\/\/momentum06.fr\/index.php\/wp-json\/wp\/v2\/pages"}],"about":[{"href":"https:\/\/momentum06.fr\/index.php\/wp-json\/wp\/v2\/types\/page"}],"author":[{"embeddable":true,"href":"https:\/\/momentum06.fr\/index.php\/wp-json\/wp\/v2\/users\/1"}],"replies":[{"embeddable":true,"href":"https:\/\/momentum06.fr\/index.php\/wp-json\/wp\/v2\/comments?post=219"}],"version-history":[{"count":10,"href":"https:\/\/momentum06.fr\/index.php\/wp-json\/wp\/v2\/pages\/219\/revisions"}],"predecessor-version":[{"id":422,"href":"https:\/\/momentum06.fr\/index.php\/wp-json\/wp\/v2\/pages\/219\/revisions\/422"}],"wp:attachment":[{"href":"https:\/\/momentum06.fr\/index.php\/wp-json\/wp\/v2\/media?parent=219"}],"curies":[{"name":"wp","href":"https:\/\/api.w.org\/{rel}","templated":true}]}}